 z. What is the units digit of u?
4
What is the thousands digit of 6354/3*10*1/10?
2
Let p be -2*(1 - 3)/(-2). Let l(n) be the second derivative of 7*n**4/3 + n**3/2 + 2*n**2 - 1992*n. What is the hundreds digit of l(p)?
1
Suppose 524063 = 83*x - 4201206 - 1374982. What is the units digit of x?
7
Suppose 5*b + 5*a = 138595, 0 = 19*b - 22*b - a + 83161. What is the thousands digit of b?
7
Suppose 3*p - 6 + 3 = 0, -5*p = 2*j - 37. Let a(v) = -v**3 + 15*v**2 + 22*v - 26. What is the units digit of a(j)?
0
Let a(u) be the second derivative of u**4/6 - 5*u**3 - 10*u**2 - 5*u - 2. What is the hundreds digit of a(-6)?
2
Suppose 19*z + 4*b + 10262 = 22*z, 3*z = -4*b + 10246. What is the hundreds digit of z?
4
Suppose 78*i - 26*i - 535220 = -18*i. What is the tens digit of i?
4
Let l = 20750 - 11471. What is the tens digit of l?
7
Suppose 0 = -3*j + 4*c + 49716, 17*j + 66319 = 21*j + 5*c. What is the ten thousands digit of j?
1
Let y be (20/(-6))/(-1 + (-168)/(-171)). Let g = y - 165. What is the tens digit of g?
2
Let y = 5498 + 841. What is the units digit of y?
9
Let q = 79 + -60. Let m(a) = a**2 - 7*a + 26. Let h be m(q). What is the tens digit of (h/4)/((-2)/(-4))?
2
Let k be (8 - 0) + 3 + (12 - 18). Suppose -4*q = -20, 87 = 6*c - k*c + q. What is the tens digit of c?
8
Let p = -4739 + 6270. What is the hundreds digit of p?
5
Let y(c) be the second derivative of c**4/12 + c**3/2 - c**2/2 - 3*c. Let h be y(4). Let a = h - -79. What is the units digit of a?
6
Let l(o) = -3*o**3 + 6*o**2 + 8*o + 3. Let v = 236 + -240. What is the hundreds digit of l(v)?
2
Let l be (4 - 5) + (-3 + -11)*-1. Let z(k) = -k + 13. Let o be z(l). What is the units digit of 4 - 5 - (o + -119)?
8
Let r be 15/20 - 837/(-36). Let x(l) = -l**3 + 24*l**2 + 30*l + 11. What is the tens digit of x(r)?
3
Let l = 540 - -335. Let p = -495 + l. Suppose 12*h - p = 844. What is the hundreds digit of h?
1
Suppose -c + 3*g = -5255 - 2735, 2*g - 15980 = -2*c. What is the tens digit of c?
9
Suppose 0 = -4*p + 2*r + 120702, 3*p + 71*r - 90514 = 75*r. What is the tens digit of p?
7
Suppose -6*i + 52 = -68. Suppose i = 4*z, -5*g - 7*z = -11*z - 2230. What is the units digit of g?
0
Let r(j) = 12*j - 47. Let v be r(18). Suppose 1263 - 456 = 3*o. Let h = o - v. What is the tens digit of h?
0
Suppose -4*o = 4*q - 316 - 220, -3*o + 146 = q. What is the tens digit of q?
2
Suppose 0 = 5*c - 4*t - 46, 9 - 1 = 4*c + 4*t. Let r be ((-340)/(-408))/((-1)/(-6)). Suppose r*v - c*v + 135 = 0. What is the units digit of v?
5
Suppose -95*u + 182*u = -259*u + 262614. What is the hundreds digit of u?
7
Suppose 3*s = 2*c + 75671, -5*s - 21*c + 17*c + 126133 = 0. What is the thousands digit of s?
5
Let r be (1 + 28/(-3))*-3. Suppose -r + 3308 = 49*h. What is the units digit of h?
7
Let x = -2666 + 7193. What is the units digit of x?
7
Let g(n) = -n + 14. Let s be 3*(-71)/(-18) + (-1)/(-6). Let a be g(s). Suppose -5*z + 72 = 3*x, -2*x + a = 4. What is the tens digit of z?
1
Suppose 0 = 2*t + 4*r - 30318, 5*r = -t + 16656 - 1506. What is the units digit of t?
5
Let t = -335 - -658. What is the hundreds digit of t + -8*((-3)/12 - 0)?
3
Suppose 37*l + 23*l - 178500 = 26*l. What is the thousands digit of l?
5
Suppose 4*c = -3*z + 246308, -5*z + 466372 = 5*c + 55862. What is the ten thousands digit of z?
8
Let v = -27 + 242. Let i = v - 68. What is the units digit of i?
7
Let p be (4/(-10))/((-8)/1640). Let v = -4 + p. What is the units digit of v?
8
Suppose -2*d + 2*r - 4*r + 22482 = 0, 0 = 4*r + 16. What is the hundreds digit of d?
2
Suppose -y - 4*y + v + 94068 = 0, -4*y - 4*v + 75288 = 0. What is the thousands digit of y?
8
Let s(u) be the third derivative of -3*u**4/4 + 5*u**3/3 - u**2. Suppose -173*b - 14 = -171*b. What is the hundreds digit of s(b)?
1
Let x = -122 + 129. Suppose x*t = 10*t. What is the tens digit of t - ((-82)/(-6))/((-1)/3)?
4
Let d be (12 + -14)*(-3)/2. Let h be (-148)/d + (-36)/54. Let m = -33 - h. What is the units digit of m?
7
Suppose -129*u = -127*u + 2*d - 9662, -2*d - 4825 = -u. What is the units digit of u?
9
Suppose 62903 = 10*c - 5707. What is the hundreds digit of c?
8
Let h(w) = -5*w**2 + 43*w + 11. Let k be h(9). Let u(j) = 8*j**2 - 7*j - 37. What is the tens digit of u(k)?
0
Suppose y - 2640 = 2966. What is the units digit of y?
6
Let x be (-152)/(-28) - 8/((-392)/(-21)). Suppose -4*f - 58 = -z, -7*z + 5*f = -2*z - 335. Let o = z + x. What is the units digit of o?
5
Suppose 54 = -5*o - 3*n + n, -3*n = o + 3. Let g = o - -17. Suppose g*b - 200 - 110 = 0. What is the tens digit of b?
6
Let b be (-505)/(-20) - 2/8. Let c be (-5)/b*2 - (-22)/5. Suppose c*m + 180 = 9*m. What is the units digit of m?
6
Let z(v) = v**2 - 11*v + 21. Let t be z(9). Suppose h - t*d - 86 = 549, -d + 1291 = 2*h. What is the tens digit of h?
4
Let p be (2 + 0)/((-8)/(-16)). Suppose p*f - 49 = -j + 24, 0 = 3*j + 4*f - 259. What is the tens digit of -11 + j - (-4 + 0)?
8
Suppose -2*l + 3*s + 29 = 0, -5*l - 5*s - 1 = -36. Suppose 6*a - a = -l, -3*t = 2*a - 23. What is the tens digit of t/(-5)*1*(-3 - 42)?
8
Let t(z) = z**3 - 25*z + 10. Let a(o) = -o**2 + 8*o + 7. Let x be 14*1/((-21)/(-12)). Let j be a(x). What is the hundreds digit of t(j)?
1
Let n(p) be the first derivative of p**3/3 - 3*p**2/2 + 10*p + 3. Let h be n(6). Suppose -h*b = -25*b - 162. What is the tens digit of b?
5
Suppose 13*n = 2779 + 913. Suppose 20*y - n = 18*y. What is the units digit of y?
2
Let y(c) = -36*c + 2 - 56 - 57. What is the hundreds digit of y(-17)?
5
Suppose i = 228 - 223, q - 69899 = -3*i. What is the tens digit of q?
8
Let o(j) be the second derivative of 5/2*j**2 + 38*j - 1/2*j**3 + 7/12*j**4 + 0. What is the units digit of o(6)?
9
Let n(x) = -37*x - 25 + x**2 + 18*x + 30*x. What is the units digit of n(-42)?
7
Suppose -19*k = 5 - 62. What is the units digit of 705/10*23 - k/2?
0
Suppose 0 = y, -34 + 9 = -5*q + 4*y. Suppose -4*k - 129 = -s + 129, -q*s + 1185 = k. What is the hundreds digit of s?
2
Let p(w) = 3*w**2 - 164*w + 159. What is the tens digit of p(85)?
9
Suppose -2*y + 4*o + 24 - 20 = 0, -2*o + 6 = 0. Suppose -d + 0 = -3. Suppose -2*u + 161 = 5*i, -2*i = d*u - y*u + 417. What is the tens digit of u?
8
Suppose -3*s = -2*j - 18406, -204*s = -200*s + j - 24556. What is the units digit of s?
8
Let o(k) = -k + 16. Let f be o(10). Let g(m) = -m**2 + 15*m - 22. Let z be g(f). What is the units digit of z + (-4)/(-12)*3?
3
Let f(d) = -d - 4. Let g be f(-10). What is the units digit of 3/(-18) + (1681/g - 1)?
9
Let i = 24 - 4. Suppose -5*x = 4*b - x - i, 4*x = 4. What is the units digit of 0 + (-298)/b*-2?
9
Let m(t) = -3*t + 13. Let c be m(5). Let n be 4*(0 - ((-5)/c - 4)). Let x = n - -208. What is the units digit of x?
4
Let a = -7654 - -675. What is the units digit of 1/((-1 - 5) + a/(-1162))?
6
What is the units digit of (-1)/2 + 3 + 197452/8 + -4?
0
Let m = 122 - 102. Suppose -23*b + 1143 = -m*b. What is the tens digit of b?
8
Let d(w) = w**3 + 3*w**2 + 3*w + 4. Let m be d(-2). Suppose -8 = -2*f - 4*s, m = 3*f - 2*s - 18. Suppose -f*x = -5*x - 8. What is the units digit of x?
8
Let p(s) = -39*s - 460. Let x(i) = -i + 3. Let u(j) = p(j) + 5*x(j). What is the hundreds digit of u(-21)?
4
Let y = -66 - -70. Let l be -3 - (6/3 - y). What is the units digit of 2 + l + (10*8 - 1)?
0
Let w(y) = 482*y**2 + 149*y + 52. What is the ten thousands digit of w(6)?
1
Suppose -53030 - 41671 - 72043 = -19*g. What is the thousands digit of g?
8
Let r(i) = 2*i**3 - 19*i**2 - 27*i + 3. Let t be r(11). Suppose -66*v = -t*v + 636. What is the tens digit of v?
1
Let p be (-8)/(-20) + (-24)/(-15). Suppose p*b = 1 + 7. Suppose 96 = -b*a + 6*a. What is the units digit of a?
8
Suppose 0 = -3*d - 217*k + 213*k + 24770, 10 = 2*k. What is the thousands digit of d?
8
Let x be (-10)/3*30/4. Let b be 13 + 3 + (8 - -55). Let a = b - x. What is the units digit of a?
4
Suppose 2*h = 5*g - 2*h + 354, 0 = 2*g + h + 139. Let z = g + 128. Suppose -1115 = -5*q - 5*j, -3*j + 1183 = 5*q + z. What is the hundreds digit of q?
2
Suppose -158 = -7*v - 655. Let c = v - -29. What is the tens digit of c/(-8)*(318/18 - 7)?
5
Let w be -3 + (-21)/6*2. Let u(b) = -3*b + 7. What is the units digit of u(w)?
7
Let r = -140 + 245. Let t = 230 - r. What is the hundreds digit